e c(7). Let i be 5 + 0 + w + 3. Suppose o - i*o = -149. Is o composite?
False
Suppose 0 = 5*a - 2*j - 17, 2 + 16 = 2*a + 2*j. Suppose a*y = -4 + 9. Is (78 + y)*(-4 - -5) a prime number?
True
Let m(u) be the second derivative of u**5/20 - 11*u**4/12 + 13*u**3/6 + 7*u**2/2 - 7*u. Is m(10) a prime number?
True
Let w(j) = 14*j**2 - 120*j + 15. Is w(47) composite?
False
Suppose -4*x - 4 = -16. Suppose 0 = -10*q - x*q + 2015. Is q composite?
True
Suppose -2*c + 5*s + 3 = -3*c, c + s = 13. Suppose -c*d + 13*d = -3044. Is d a composite number?
False
Let c(x) be the third derivative of -13*x**4/12 + x**3/3 + 2*x**2. Let d be c(-1). Suppose -176 + d = -4*i. Is i composite?
False
Suppose 47*x + 229 = 46*x. Suppose -2055 = -5*l - 105. Let m = x + l. Is m composite?
True
Let x = 2 + 1. Suppose 0 = -p + k, -4*p - p + 2*k = -x. Is (10/20)/(p/1814) composite?
False
Let i = 17 + -13. Let l be 0/((-3 + i)*-1). Suppose -2*t + 166 = -l*t. Is t prime?
True
Let r(l) = -630*l**3 - 2*l**2 + l + 4. Let j be r(-2). Suppose 8*b = 2*b + j. Is b prime?
True
Let h be 3*1*(-4)/12. Let i(s) = 0 + 2 - 1 - 42*s - 70*s. Is i(h) prime?
True
Suppose -22*o - 10780 = -25*o - 5*b, -4*o + 14381 = -b. Is o a composite number?
True
Let t = 1845 - 552. Is t prime?
False
Let b be (0 + 30)*-1*(-4)/10. Is ((-4)/b)/(3/(-3663)) a prime number?
False
Suppose 3*b - t - 6568 = 0, -2*b - 5*t = b - 6598. Is b composite?
True
Let x(n) = 96*n**2 + 68*n - 35. Is x(14) prime?
False
Let w(h) be the second derivative of 73*h**6/120 + h**3/6 - 2*h**2 + 8*h. Let u(d) be the first derivative of w(d). Is u(1) prime?
False
Let u = 10 + -12. Let l be (u + 0)/((-5)/(-20)). Is 4/l - 27/(-2) a composite number?
False
Let n(i) = i**3 + 16*i**2 - 17*i - 16. Let b be n(-17). Is (1*-3)/(b/688) composite?
True
Let c be -6 + (-4 - (-3)/3). Let g = -6 - c. Is (-2870)/(-15) + g/(-9) prime?
True
Let f(o) = -49*o**2 + 124*o**2 + 78*o**2 - o - 1. Let z be f(-1). Suppose d + 2*d = z. Is d prime?
False
Let h(j) = 108*j - 6. Let r be h(-7). Let t = r - -1099. Is t composite?
False
Let l(g) = -g**2 - 6*g + 5. Let q be l(-7). Is 1/(q + (-1532)/(-764)) a prime number?
True
Suppose -14370 = -4*u + f + f, -3*u + 10780 = f. Is u a prime number?
True
Let o be (-4)/10 - (-102)/30. Suppose -4*j = o*w + 7, 3*j - 11 = 5*w - 4*w. Suppose 2*c - j = 40. Is c composite?
True
Let h = 10261 + -7250. Is h prime?
True
Let g = 143 + 4634. Is g composite?
True
Let v(p) = p**2 + 8*p + 4. Let y be v(-9). Let z = y - 19. Is (9/z)/(3/(-52)) a composite number?
True
Suppose p = 71*p - 27650. Is p a prime number?
False
Let u = 12651 + -4322. Is u a prime number?
True
Is 6*(-7)/(-126)*5541 prime?
True
Let d = 61 - 61. Suppose 8*u - 42 - 1598 = d. Is u a prime number?
False
Suppose -o = 5*o - 10548. Is o/4*(-2)/(-3) a composite number?
False
Let o = 14 - 39. Let h = 27 + o. Suppose -c + 341 = h*m, 0*c + m = -2*c + 682. Is c composite?
True
Suppose -4*p + 647 = -0*l + 5*l, 5*l - p = 632. Let g be (-21)/(-2)*(-20)/3. Let w = l + g. Is w a prime number?
False
Let n be -2*(-25)/10 - (6 - 3). Suppose -p + 3*f + 1847 = f, -n*p + 3694 = f. Is p prime?
True
Let s = -38 + 37. Let h(x) = 393*x**2 + 2. Is h(s) a prime number?
False
Suppose 5*o + 2*f = 185 + 397, -237 = -2*o - 5*f. Let t = o - 280. Is -3 - (t + (-4)/(-2)) composite?
True
Let l = 569 + -227. Suppose l = b + 2*b. Is b*(-4)/(-6) + 1 a prime number?
False
Suppose -4*t = -6*t. Suppose -5*f - 21 - 19 = t. Let c(d) = -d**2 - 12*d - 11. Is c(f) a composite number?
True
Suppose -2 - 1 = -g. Suppose 0 = -4*y + l + 265, 4*y + g*l - 323 = -46. Is y a composite number?
False
Suppose 8*f + n + 5 = 3*f, 15 = -f - 3*n. Suppose -3*a + u + 459 = 90, -a + 5*u + 123 = f. Is a a prime number?
False
Suppose 8*w + 18716 - 52788 = 0. Is w prime?
True
Let o(j) = -j**2 + 18*j - 17. Let c be o(17). Suppose c = -8*h + 16*h - 888. Is h a prime number?
False
Let i = 63126 - 12979. Is i composite?
False
Let p = 6 + -4. Suppose p*z + 5*v = -17, v - 2*v + 15 = 5*z. Suppose w + z*n = -w + 694, -2*w - 3*n = -698. Is w prime?
False
Let n(r) = 6*r**2 + 8*r - 3. Suppose -m - 25 = -5*h, -m + 25 = 5*h - 5*m. Suppose -t + 0 + h = 0. Is n(t) a prime number?
False
Let n(z) = 3*z - 4. Let v be n(6). Let u be 28/49*v/(-4). Is 4 + 6/u*-247 composite?
True
Let a = 3143 + -1125. Is a a composite number?
True
Is (-3628455)/142*4/(-6) prime?
False
Let i(z) = -z + 4. Let n be i(2). Let k be ((-2)/4)/((-4)/(-16)). Is (1 + (-539)/k)*n a prime number?
True
Let w(l) = l**2 - 3*l + 5. Let o be w(0). Suppose 3308 = -o*f + 17118. Is f prime?
False
Suppose -2*c + 7*c = 20. Suppose -c*h + 1289 = -m + 4*m, -4*h + m + 1293 = 0. Is h composite?
True
Suppose 0 = 6*m - 358 + 16. Suppose 0 = -51*t + m*t - 10554. Is t composite?
False
Suppose 72 = f - 56. Suppose 4*n - 2*x = 330 - 90, -5*x - f = -2*n. Is n composite?
False
Suppose w - 6651 = 12248. Is w a prime number?
True
Suppose -4*r + 0*r + 173262 = 5*d, 5*r + 3*d - 216571 = 0. Is r a composite number?
False
Let q = -24 - -26. Suppose 4*x = 4*l - 768, 5 = -3*x - q*x. Is l prime?
True
Let g(z) be the first derivative of z**6/360 - z**5/30 + 5*z**4/24 - 2*z**3/3 - 1. Let c(w) be the third derivative of g(w). Is c(-4) a prime number?
True
Suppose 5*u + 2*y = 3589, -2581 = -5*u + 3*y + 1023. Is u a composite number?
False
Let y be ((0 - 0)/1)/2. Let t(i) = -i**3 - 2*i**2 + 1. Let m(x) = -2*x**3 - 6*x**2 + 440. Let s(w) = m(w) - 3*t(w). Is s(y) prime?
False
Let q(t) = -t**2 - 6*t + 20. Let s(i) = i**2 + 13*i - 40. Let r(f) = -11*q(f) - 6*s(f). Is r(7) prime?
True
Suppose 0*m = m - 2*f - 21, 5*m - 119 = -4*f. Is m a composite number?
False
Let q = -67 - -620. Suppose -4*t + 2517 = q. Is t a prime number?
True
Suppose 4*a = -4*f + 19392, -a - 3*f + 3587 + 1251 = 0. Is a a prime number?
False
Suppose 0 = -2*p - 2*p. Suppose p = 4*z + 126 - 982. Is z a prime number?
False
Let q(v) be the first derivative of 2 - 2*v**2 + 2*v**2 - 22*v**2 - 9*v + 1. Is q(-5) a prime number?
True
Let s(x) = x + 3. Let u be s(7). Suppose 5*t - 10 = u. Is 2 + -6*(-126)/t prime?
True
Let s(h) = -h**3 - 17*h**2 + 14*h - 5. Let b = -95 + 77. Is s(b) a prime number?
True
Let r = -405 - -634. Suppose 7 - 109 = w. Let v = r + w. Is v a composite number?
False
Is (-45232)/(-77) + 1*(-3)/7 composite?
False
Let z(w) = -w**3 + 4*w**2 - 6. Let p = -37 - -40. Let r be z(p). Suppose -a + 2212 = 5*x, -452 = -2*x + x + r*a. Is x composite?
False
Let x = 54125 + -32251. Is x a prime number?
False
Let n(g) = 41*g - 3. Let f(p) = p**3 - 8*p**2 + 10*p - 8. Let a be f(7). Suppose 3*t - 4*m = -14, 4*t = -5*m - a + 46. Is n(t) a prime number?
True
Suppose -3*z + 4 = -8, -4*p - 3*z + 21800 = 0. Is p a composite number?
True
Let t = -23147 + 39754. Let w = t + -32392. Is w/(-25) + (-2)/5 prime?
True
Let a = -1619 + 2281. Is a composite?
True
Is -1 - (3 - 0 - 51) a composite number?
False
Let h be 9/((21/144)/7). Suppose 5*p + 403 = -h. Let y = 246 + p. Is y prime?
True
Let b be (-15 - -21)/(2/1). Suppose 5*k + 181 = b*w, -2*k + 3*k + 2 = 0. Is w a composite number?
True
Let w = -12 + 15. Is (-408*2)/(-4) - w composite?
True
Let m(t) = t - 1. Let f be m(6). Suppose a = 3 - 7, -f*a + 2120 = 4*q. Is q a prime number?
False
Let w(u) = -9*u - 2 - 2 + 17*u**2 + 8 - 3. Is w(-6) composite?
True
Suppose 2*a + 3*i - 40978 = 0, -106965 = -4*a + 2*i - 24993. Let s = 29877 - a. Is s a composite number?
True
Let a(u) = 330*u + 79. Is a(23) prime?
True
Suppose -2*y - 7 = 3*u - 32, 5*y - 45 = -4*u. Suppose y*z + z - 12966 = 0. Is z composite?
False
Let a = 198 + 723. Is a prime?
False
Let w(y) = y + 2. Let i be w(6). Let a be -2*(0 - (-60)/i). Let s(h) = -4*h + 19. Is s(a) composite?
False
Suppose 3*g = i - 2*i + 14, 2*g - 10 = -i. Suppose -3*w + 511 = -2*w - i*b, 0 = -w + 5*b + 502. Is w a prime number?
False
Let u(k) = 697*k + 150. Is u(11) prime?
True
Let r be 26/(-3) + (-3)/9. Let n(t) = 309*t**2 + 11*t - 303*t**2 - 15 - t. Is n(r) prime?
False
Let n(q) = -2*q + 7. Let k be n(9). Let p = 3 + k. Is (-2876)/(-12) - p/(-12) a prime number?
True
Let b be (0 + 2)*((-6)/(-1) - 4). Suppose -3*n + 2*n + i = -506, -4*i + 2016 = b*n. Is n prime?
False
Suppose 2*o + c - 9 = -o, 2*o = 2*c + 6. Suppose u - 52 = o*j + 81, u = 5*j + 129. Suppose 366 = 3*x - 3*m, -3*m + u = 2*x - 130. I